the remainder when x is divided by i.
9
Let d(a) = 4*a + 73. Let i(m) = 2*m + 37. Let j(c) = -3*d(c) + 5*i(c). Let t be j(-15). Calculate the remainder when (-2)/t*410/(-15)*-3 is divided by 11.
8
Suppose 317 = -4*x + 4*f - 3*f, 0 = 5*f + 15. Let m = x - -119. Calculate the remainder when 311 is divided by m.
38
What is the remainder when ((-1856)/(-42) - 354/413)/((-2)/(-36)) is divided by 256?
12
Suppose 2*d + 381 = 4*d + 5*p, d - 193 = -3*p. Let g = d - 128. What is the remainder when 106 is divided by g?
6
Suppose -o - d - d = 4, -5*o + 5*d = -25. Suppose 4*k - o*m = 30, -2*k - 8 = -2*m - 26. What is the remainder when 0 + (-25)/4*144/(-90) is divided by k?
4
Let m(v) = -73*v**2 - 3223*v - 126. Calculate the remainder when m(-44) is divided by 76.
54
Suppose 5*x + 5 = 0, 1 = z - 0*x + 5*x. Suppose -z = -r + 26. Let h(c) = c**2 + 20*c - 79. Calculate the remainder when r is divided by h(-24).
15
Let i = -3954 - -4176. Calculate the remainder when i is divided by 175.
47
Let a(w) = -4*w**2 + 49*w - 87. What is the remainder when a(8) is divided by (0/1 + 11)*1?
5
Suppose -27*l + 6101 + 3656 = 2683. What is the remainder when l is divided by 132?
130
Let m(s) = -s**2 - 78*s - 1381. Calculate the remainder when 1274 is divided by m(-39).
14
Let v(h) = h**2 + 10*h - 611. Calculate the remainder when 741 is divided by v(-32).
90
Suppose -5*c + 60 = 10*c. Let y be (12 - c) + -8 - 2*-3. Calculate the remainder when 49 is divided by 0 - -32 - 30/y.
22
What is the remainder when (-22272)/(-36) + (-3)/(-9) is divided by 44?
3
Let g(n) = -2*n**3 + 24*n**2 - 19*n + 23. Suppose 0 = -4*i - 5*x + 1104, 80*i - 3*x = 79*i + 276. Calculate the remainder when i is divided by g(11).
52
Suppose -4*o = 3*j + 2, -2*o + 90 - 28 = 6*j. Let v = -3 + 98. Calculate the remainder when v is divided by j.
11
Let i = 130 - 90. Suppose 11606 = j + 11528. What is the remainder when j is divided by i?
38
Let r be ((-24)/140*-15)/(3/(-14)). Let q(f) = f**3 + 12*f**2 - 5*f - 41. What is the remainder when 150 is divided by q(r)?
17
Let d(p) = 3*p + 35*p**2 - 3 + 3 + 4. Let n be ((-1)/(-2))/((-1)/2). Calculate the remainder when d(n) is divided by 13.
10
Suppose 3*p = -5*w - 2*p + 100, -w = 2*p - 25. What is the remainder when 8 is divided by -6 + 15*w/25?
2
Let t(n) = -48*n + 747. Let v = -23 + 72. What is the remainder when t(14) is divided by v?
26
Let r = 44 - 41. Suppose -54 = r*x - 63. Suppose -4*z + 4*l + 104 = 0, x*z + 146 = 8*z + 3*l. What is the remainder when 51 is divided by z?
23
What is the remainder when 105/84 - (-123)/(-12) - -4178 is divided by 97?
95
Let j(a) = -a - 15. Let k be j(-17). Suppose -1738 = -3*d - 5*b, -9*d + 4*d - k*b + 2865 = 0. Calculate the remainder when d is divided by 41.
38
Let b be (6*12/(-27))/(3/9). Let n be 3 - (-36)/(-16) - 26/b. Suppose -5*y + 227 = 3*q - 0*y, 2*q = n*y + 144. What is the remainder when q is divided by 13?
9
Suppose -25196 = 36*s - 26672. What is the remainder when 1045 is divided by s?
20
Let j = -11456 - -11475. Let a = -78 - -139. Calculate the remainder when a is divided by j.
4
Let q(z) = 72*z**2 + 209*z + 60. What is the remainder when q(11) is divided by 64?
63
Let w = 2514 + -3828. Let n = w + 1398. Suppose -5*d + 14 + 71 = 0. Calculate the remainder when n is divided by d.
16
Let o(x) = 22*x + 12. Let n be o(-9). Let f = 211 + n. Let r(j) = 16*j - 6. Calculate the remainder when r(5) is divided by f.
24
Let v be 194 + 12 + (-2 - 4). Suppose 0 = -10*f + 240 + v. What is the remainder when f is divided by 28?
16
Let a be 10 + -1 + (-154)/22. Suppose 0*v - 1076 = -4*v. Suppose -5*o - a*n + 177 = -443, 5*n = -2*o + v. What is the remainder when o is divided by 31?
29
Let a(m) = -m**3 - 5*m**2 + 2*m + 2. Suppose 26*f = 20*f - 30. Let u be a(f). Calculate the remainder when u/(-16)*(20 - 2) is divided by 6.
3
Suppose 0 = 5*j + 4*w - 1024, w = -2*j - 109 + 518. Suppose -o = 2*v + 89 + 138, -5*v + 5*o = 620. Let h = j + v. What is the remainder when h is divided by 15?
12
Suppose 13*h + 3*a - 6063 = 10*h, 2*h - 4036 = -3*a. What is the remainder when h is divided by 6?
5
Let m = 248 - 39. Suppose m*t - 210*t + 6 = 0. Calculate the remainder when 329 is divided by t.
5
Calculate the remainder when 54 is divided by ((-16)/10)/((-36)/(-2520)*(-4 + 0)).
26
Let o = -362 + 82. Let w = -247 - o. Calculate the remainder when 93 is divided by w.
27
Suppose -47 = -5*j + 128. What is the remainder when 89/(-178)*1/(1/(-764)) is divided by j?
32
Suppose -17 + 9 = -4*x. Suppose 0 + x = v, 3*n + v = 299. What is the remainder when n is divided by 25?
24
Calculate the remainder when (1/(-4))/((-117)/(-52)) - 349216/(-63) is divided by 94.
91
Let b(m) = 221*m - 2002. What is the remainder when b(14) is divided by 538?
16
Let x be 40/100*(6 + -1). What is the remainder when 4/(x + (-39)/20) is divided by 27?
26
Let r(c) = c**2 + 12*c + 39. Let d be r(-7). Suppose f - d*f + 15 = z, 3*z - 5*f = 73. What is the remainder when 44 is divided by z?
2
Suppose -13*s + 768 = -9*s - 2*v, -384 = -2*s - v. Suppose -180*c + s*c - 72 = 0. Calculate the remainder when 52 is divided by c.
4
Suppose -5 + 7 = 2*y, 5*y = 5*u - 35. Let h(b) be the second derivative of 23*b**3/6 - 7*b**2/2 + 2*b. What is the remainder when h(u) is divided by 45?
42
Let b(l) = -2*l + 6. Let a be b(7). Calculate the remainder when ((-332)/(-24) - (40 + -30))/((-3)/(-18)) is divided by a/6*(-3)/2.
1
Let t(v) = v**2 - 16*v - 56. Let r be t(-3). What is the remainder when 2 + 4/12*1119*r is divided by 29?
27
Let l = 7746 - 7681. Calculate the remainder when 2076 is divided by l.
61
Suppose -1275771 = -357*y - 233331. Calculate the remainder when y is divided by 729.
4
Suppose 933*g - 3570 = 918*g. Calculate the remainder when g is divided by 120.
118
Let v(m) = -m**3 - 31*m**2 + 35*m + 120. Calculate the remainder when v(-32) is divided by 16.
8
Let y(c) = c**2 + c + 9. Let f be y(4). Suppose -s + 2*s + o = 23, -s + 2*o = -f. Calculate the remainder when (-4)/(-14) + 2568/28 is divided by s.
17
Calculate the remainder when (-150 + -1)/((-345)/(-45) - 8) is divided by 190.
73
Suppose 81*p = 100*p - 1558. What is the remainder when 526 is divided by p?
34
Let q(k) = -k**2 - 19*k + 75. Let m be q(-18). Calculate the remainder when 268 is divided by m - (8 - 5) - (-7 + 6).
86
Let g(h) = 0*h - 9 - 10 + 2*h. Let j = -1512 - -1524. Calculate the remainder when 22 is divided by g(j).
2
Suppose -3*k - 302 = -4*y, -k + 193 = 2*y + 37. Let s(m) = 4*m**3 + 4*m**2 - 71*m + 4. Calculate the remainder when y is divided by s(4).
37
Let f = -879 + 1030. Calculate the remainder when f is divided by 24.
7
Let o(l) = 8*l + 40. Let x be o(-7). Calculate the remainder when (x/6)/(-2) - 371/(-21) is divided by (-3)/9*-15 - 0.
4
Let x(t) = -t**3 + 12*t**2 + 17*t - 7. Let b be 143/22*(12/3 + -2). Calculate the remainder when 122 is divided by x(b).
32
Let p be -3*(-6)/(-18)*-19. Suppose p*v = -783 + 2588. What is the remainder when v is divided by 14?
11
Suppose -3*l - 2352 = -51*l - 8*l. What is the remainder when 321 is divided by l?
27
Let i(o) = -9*o + 9. Suppose 5*l - 61 = -136*p + 133*p, -2*p - 29 = -3*l. Calculate the remainder when i(-11) is divided by l.
9
Let y be 7 + (-1 - 7) - (2 - 4). Let q(z) = -33*z + 39. Calculate the remainder when 169 is divided by q(y).
1
Let j(m) = -m**3 + 5*m**2 + 10*m - 9. Suppose 220*l = -144*l - 4989 + 26101. Calculate the remainder when l is divided by j(6).
13
Let t(l) = l**3 - 3*l**2 - 4*l + 6. Let w = -33 - -37. Suppose -2*c + 48 = -w*r, 4*c + 4*r - 2 = 34. Calculate the remainder when c is divided by t(4).
2
Let m(z) = 79*z - 61. Let o be m(3). Suppose -4*b + 96 + o = 0. What is the remainder when 200 is divided by b?
64
Let b(g) = 142*g + 14. Let y be b(2). Let n = y + -229. Calculate the remainder when n is divided by 2 + (-57)/(-9)*3.
6
Suppose -l + 5 = 9, 2*p - 3*l = 18. Suppose -d + 2*d + 100 = t, -p*t = 4*d - 314. Calculate the remainder when t is divided by 28.
18
Let r(b) = 2*b - 10. Let y = 147 - 217. Let j be 14*-2*(-5)/(y/(-6)). What is the remainder when 40 is divided by r(j)?
12
Let h be 44/8*2*(-1 - -7). Let t = 128 + -17. Let s = t - h. What is the remainder when s is divided by 10?
5
Suppose u + 221 = -2*o + 4*o, 2*o + 3*u = 217. Sup